2*d + 363, -3*d - u = -2*b. Calculate the highest common divisor of b and 12.
12
Let m(n) = -2*n - 4. Let r be m(-2). Suppose 3*s - 57 = 2*t, 3*t + 2*t = r. Calculate the greatest common factor of 19 and s.
19
Suppose 0 = 5*c - 69 - 86. Suppose -3*t + 2*t = -c. Suppose 8 - t = -r - 2*i, 4*i = 4. What is the highest common divisor of 7 and r?
7
Let h = 56 + -30. Calculate the highest common factor of 39 and h.
13
Let y = 32 + -46. Let b = y + 27. Let v be -2*(-2 - (-36)/(-8)). What is the greatest common divisor of v and b?
13
Let z(h) = h**2 - 1. Let n be z(0). Let q be 1 - 1/1 - n. Suppose 4*d - 7*d + 3*j + 18 = 0, 0 = d + 3*j - 10. Calculate the greatest common divisor of q and d.
1
Let h = 35 + -21. Calculate the highest common divisor of h and 98.
14
Suppose 4*h - 54 = 2*h. Let m = h + 15. Let b = m + -16. Calculate the highest common divisor of 13 and b.
13
Let l(b) = -b. Let g be l(-6). Suppose 3*w = g*w - 330. What is the greatest common factor of w and 10?
10
Let j(o) = o - 4. Let k be j(7). Suppose 5*r - 61 = -4*f, -k*f = 2*f + 4*r - 65. What is the highest common factor of 36 and f?
9
Suppose -4*t + t - 9 = 0. Let b be (-1)/(t*1 - -2). Suppose 0 = -p + b + 8. What is the greatest common divisor of p and 72?
9
Let z(b) = -3*b - 1. Let i be (-13)/(-2)*(-2 + 6). Suppose 4*h - 5 = -3*r - i, -h = 3*r + 12. Let q be z(r). What is the highest common factor of q and 4?
4
Suppose 4*q = 79 + 65. Suppose 0 = -5*t - 20, -2*c + t = 4*t - q. Calculate the highest common divisor of 24 and c.
24
Suppose b - 54 = -b. Let t = -18 - -36. What is the highest common divisor of b and t?
9
Suppose 5*g - 17 = -2*f + 21, -5*g = -3*f + 32. Let k = f - 9. Let v be (5/2)/(4/8). Calculate the greatest common divisor of k and v.
5
Let w(f) = 2*f - 3 + 5*f + 2 - f**2 - 2. Let k(h) = h - 2. Let d be k(6). Let b be w(d). Calculate the greatest common factor of b and 81.
9
Let r(d) = -3*d**3. Let s be r(-1). Let b = s - 1. Calculate the highest common factor of 3 and b.
1
Let m = -8 - -26. Suppose 0 = -3*t + 2*s + 23 - 6, s + 10 = 2*t. Suppose 2*g - h - 35 - 18 = 0, 3 = t*h. What is the greatest common divisor of g and m?
9
Suppose 0*k + 4*k = -12. Let a be 14 + k/(-3) - 1. Calculate the greatest common divisor of a and 154.
14
Let p = 26 + -21. Suppose -m - p = -7. Calculate the highest common divisor of m and 3.
1
Suppose -h = -2*h + 312. Let x(o) = -o**3 - 10*o**2 + 9*o + 17. Let j be x(-11). What is the greatest common factor of h and j?
39
Let p(x) = -x + 8. Let t be p(6). Let v(y) = 56*y. Let b be v(t). Calculate the highest common factor of b and 16.
16
Let t(u) be the third derivative of -u**4/3 - u**3/2 - u**2. Let a be t(-2). Let x = 31 + a. What is the greatest common factor of 4 and x?
4
Suppose -24 = -3*j + 15. What is the highest common divisor of 117 and j?
13
Suppose -240 = -0*l - 5*l + m, 5*l - 240 = 5*m. What is the greatest common factor of l and 6?
6
Let c(g) = -2*g - 5. Let y be c(-10). Suppose 0*v + v = y. Calculate the greatest common factor of v and 3.
3
Let o be 82 + (-3)/(-6)*4. Let d = o + 14. Calculate the highest common factor of d and 14.
14
Suppose 2 = -4*c + 5*c. Calculate the highest common divisor of c and 16.
2
Suppose -5*l + 35 = -5*n, -8 = -l - 0*l + 2*n. Let w be (-8)/3*45/(-2). Calculate the greatest common factor of l and w.
6
Suppose -60 = -2*b + 4. Let w be (-6)/(-9)*(174 + 3). Suppose 0 = 5*m - b - w. What is the greatest common factor of 12 and m?
6
Let z(n) = 34*n - 16. Let w be z(5). Suppose -2*j + 38 + 6 = 0. What is the greatest common divisor of j and w?
22
Let r(u) = -5*u + 5. Let l be r(-6). What is the greatest common factor of 5 and l?
5
Suppose -3*g = -y + 10, 2*y + 2 = -0*y - 5*g. Let s be (2 + 0 - 1)*28. Calculate the greatest common divisor of s and y.
4
Let h = -10 + 20. What is the greatest common factor of h and 2?
2
Let g(p) = 46*p**3 + 2*p**2 - p + 2. Let m be g(2). Suppose 2*b - m = -3*a - 0*a, b + 127 = a. Let h = 35 + -21. What is the greatest common factor of h and a?
14
Suppose 0 = 2*a + 4 + 2. Let r(v) = -v**3 - v**2 - v + 1. Let i be r(a). What is the highest common divisor of i and 55?
11
Let l be ((-6)/(-4))/(3/(-6)). Let n be 2/2*(14 + l). Let f be (39/12 + -3)*4. Calculate the highest common factor of f and n.
1
Suppose -5*l + 687 = -78. Let h(s) = -3*s**2 + s. Let b be h(1). Let r be (10/(-5))/(b/17). Calculate the greatest common factor of r and l.
17
Let h = 144 + -46. What is the greatest common factor of 14 and h?
14
Let r = 21 + -17. Suppose 33 - 5 = r*k + 2*q, 4*q - 38 = -5*k. What is the greatest common factor of k and 30?
6
Suppose -3*m = t - 22, 0 = -4*t - 0*t - 3*m + 97. Calculate the highest common factor of 15 and t.
5
Suppose y = 2*y - 5. Suppose y*i - 1 = 39. Suppose 5*s + 0*s - 60 = 0. Calculate the greatest common factor of s and i.
4
Let v = -6 - -4. Let x = v + 6. What is the greatest common factor of x and 36?
4
Let g(k) = 27*k - 12. Let o be g(1). What is the highest common divisor of o and 120?
15
Suppose 3*h + 0*h = 4*x - 37, -5*x = h - 70. Let n(k) = k**2 + k - 3. Let p be n(6). Calculate the highest common divisor of p and x.
13
Suppose 0*x = x - 9. Let g be 4 + -3*(-3)/x. Suppose -2*p = -g*p + 36. Calculate the greatest common divisor of p and 48.
12
Suppose -2*t = 3*w + 2*w - 3937, 0 = -3*w + 4*t + 2383. Let v be w/9 + (-2)/(-6). What is the greatest common factor of v and 8?
8
Let z be 5/(-1)*(-3)/15. Let a = z - 1. Suppose -u - k + 10 = 0, a = 4*u + 5*k - 2*k - 40. What is the greatest common divisor of 70 and u?
10
Let p be 3 - (-2 + 2/1). What is the highest common divisor of p and 3?
3
Suppose -3*j = j - 64. Let b be 28/49*7*1. What is the highest common divisor of j and b?
4
Let g be ((-5)/2)/((-1)/2). Suppose 0 = q + 1031 - 1051. What is the greatest common divisor of q and g?
5
Let v = -127 - -144. Calculate the highest common factor of v and 272.
17
Suppose -5*b + b = -48. What is the highest common divisor of 36 and b?
12
Let f(d) = d**2 + 7*d - 6. Let j be f(6). Suppose 0 = -5*r + 2*u + j, -2*u - 44 = -4*r + 3*u. Calculate the highest common divisor of 8 and r.
8
Let f be (-62)/3*1/(10/(-15)). Calculate the greatest common divisor of f and 217.
31
Let m(x) = x**2 - 3*x - 11. Let q be m(6). What is the greatest common divisor of 77 and q?
7
Let w = -3 - -5. Suppose -2*q = -w - 18. Let v be 23 - 1*-2*1. Calculate the highest common divisor of v and q.
5
Let t = 48 + -43. Calculate the greatest common divisor of t and 35.
5
Let z be (0/1 + 1)*1. Let f be (-1)/(-2)*20/z. Let k be 10/(-25) - (-124)/f. What is the greatest common factor of 24 and k?
12
Suppose -13*r + 740 = 24*r. Let y(t) = t**2 + 4*t - 4. Let c be y(-6). What is the greatest common factor of r and c?
4
Let u be 3/(-6*(-2)/280). Suppose 0 = 2*q + 3*q - u. Let a be -5 + 1232/20 - (-3)/(-5). Calculate the highest common divisor of q and a.
14
Let q(o) = -8*o - 10. Suppose 0 = l - 4*r + 23, 2*l = -0*r - 3*r - 13. Let v be q(l). Calculate the highest common factor of 13 and v.
13
Suppose 2*j = -j + 6. Suppose 0 + 4 = j*h. Let g be 49/h + 1/(-2). What is the greatest common divisor of g and 6?
6
Let i = 39 - 22. What is the highest common divisor of 34 and i?
17
Let s be ((-26)/(-6))/((-2)/(-6)). Suppose v = 38 + 105. What is the greatest common factor of s and v?
13
Let a = -4 + 12. Let u be a - (2 + 1)/3. Calculate the highest common factor of u and 21.
7
Suppose 0 = 4*n - 3*n - 10. Let m be n/25 + (-18)/(-5). Suppose 0 = -o - 2*o + 30. What is the greatest common divisor of o and m?
2
Suppose -2*r - 45 = -2*w - 3*r, -w - 4*r = -33. Suppose -6 + w = 3*g + 3*p, -5*g - 2*p + 16 = 0. Calculate the greatest common divisor of g and 6.
2
Let l be (-4908)/(-18) - (-2)/(-3). Let v be (0 + -2)/2 - -35. What is the highest common divisor of l and v?
34
Let m(d) = -d - 7. Let t = -14 + 7. Let i be m(t). Suppose i = 4*v + 3*x - 51, x - 5*x - 12 = 0. What is the greatest common divisor of 3 and v?
3
Suppose -7*s + 2*i + 12 = -3*s, -i - 10 = -3*s. Let z be (-5 + 1)/((-2)/s). Let t = 0 - -1. What is the highest common factor of z and t?
1
Let m be (-1)/(-3) + 141/9. Let g(s) = -8*s + 8. Let f be g(-13). Calculate the greatest common factor of m and f.
16
Let f(n) = -4*n - 9. Let k be f(-10). What is the highes